s -96 + -2?
-98
In base 7, what is 264454 - -4?
264461
In base 3, what is 1221020 + 1?
1221021
In base 10, what is -15 + 51?
36
In base 3, what is -10 - -200011?
200001
In base 3, what is 2 + -1011?
-1002
In base 2, what is -10010111 + 11100?
-1111011
In base 14, what is -17c - 1c?
-19a
In base 9, what is 0 - -531?
531
In base 8, what is -4 - 3110?
-3114
In base 11, what is -4 + -15?
-19
In base 10, what is -279 - 5?
-284
In base 13, what is -1072 + -3?
-1075
In base 15, what is -2 - -61a?
618
In base 12, what is 4a + 5?
53
In base 16, what is -29 - 5e?
-87
In base 15, what is -2 - -88?
86
In base 6, what is 5 + -41?
-32
In base 2, what is 0 - -1000011001?
1000011001
In base 6, what is -414 - 3?
-421
In base 10, what is 103 - 0?
103
In base 11, what is -14 - 372?
-386
In base 11, what is 4 + -934?
-930
In base 6, what is -11 - 1523?
-1534
In base 11, what is -14 + 38?
24
In base 3, what is -12 + -110?
-122
In base 12, what is -360 + 20?
-340
In base 9, what is 1 - 1050?
-1048
In base 10, what is -21 + 3?
-18
In base 12, what is -5 - -a76?
a71
In base 14, what is -2 + -8c3?
-8c5
In base 8, what is -5 - 2760?
-2765
In base 12, what is -a0 - 26?
-106
In base 8, what is -35 - 16?
-53
In base 6, what is 3210 + -1?
3205
In base 6, what is -131 + 3?
-124
In base 6, what is 254 + -5?
245
In base 6, what is 100 - -525?
1025
In base 15, what is -a - -4e?
44
In base 6, what is -3125 + -4?
-3133
In base 6, what is 244 + 5?
253
In base 12, what is 23a3 + 1?
23a4
In base 11, what is 1 - 44?
-43
In base 4, what is 3 - 232?
-223
In base 6, what is 5 - -242?
251
In base 3, what is 12 - -222?
1011
In base 13, what is -5 - 26?
-2b
In base 7, what is 401 + -5?
363
In base 3, what is -200 - -200111?
122211
In base 7, what is 3 + -15?
-12
In base 7, what is -323 - 1?
-324
In base 6, what is -21 - -25?
4
In base 11, what is 9 - 4a?
-41
In base 14, what is -10 + -354?
-364
In base 7, what is -12 + -610?
-622
In base 10, what is -3914 - 1?
-3915
In base 11, what is 1 - -784?
785
In base 3, what is 10 + -1002011?
-1002001
In base 8, what is 1012 - 2?
1010
In base 2, what is 111001111 - 101?
111001010
In base 7, what is -222 + -5?
-230
In base 12, what is 34 - -305?
339
In base 2, what is -100 + 110010?
101110
In base 3, what is 1211122 + -12?
1211110
In base 8, what is -1 - -11543?
11542
In base 4, what is -1131 + 3?
-1122
In base 7, what is -4443 - -2?
-4441
In base 9, what is 43 - 6?
36
In base 5, what is 1 - -12213?
12214
In base 10, what is 83 + 13?
96
In base 16, what is 2f8 + 4?
2fc
In base 6, what is -12 + 132?
120
In base 8, what is 2 - 53?
-51
In base 3, what is -11 + 110111212?
110111201
In base 15, what is -56 + 4?
-52
In base 7, what is -4 - -42?
35
In base 11, what is 3 + 100?
103
In base 8, what is -1435 - 1?
-1436
In base 15, what is 8 + -d?
-5
In base 12, what is -10 - 362?
-372
In base 6, what is -2 + -422?
-424
In base 4, what is -10 + -1032310?
-1032320
In base 11, what is -14 + -1090?
-10a4
In base 2, what is -11 - -111100?
111001
In base 10, what is -50 + -5?
-55
In base 11, what is 0 + 749?
749
In base 14, what is -31 - -1d?
-12
In base 5, what is 10 - 14402?
-14342
In base 5, what is 11 - 21?
-10
In base 8, what is 3 + -111?
-106
In base 12, what is -2 - -43?
41
In base 2, what is -110101 - -110?
-101111
In base 7, what is -256 + 5?
-251
In base 13, what is -1 + -3c2?
-3c3
In base 11, what is 6a + -66?
4
In base 14, what is a + -15?
-9
In base 15, what is -2 - 22?
-24
In base 15, what is 95 - -1?
96
In base 15, what is -3e + -4?
-43
In base 4, what is 10 + -13?
-3
In base 4, what is -3323 - 32?
-10021
In base 12, what is 6b + 3?
72
In base 15, what is -d - 5?
-13
In base 7, what is -3 - 1452?
-1455
In base 15, what is -3 - 23?
-26
In base 7, what is -3 - -161?
155
In base 4, what is 10 + 300?
310
In base 5, what is 1403211 + -4?
1403202
In base 8, what is 0 - 502?
-502
In base 4, what is 1 - 2030?
-2023
In base 6, what is -100 + -154?
-254
In base 16, what is -d3 - 10?
-e3
In base 8, what is 25 - -61?
106
In base 13, what is 4 - -44?
48
In base 8, what is 257 + -2?
255
In base 8, what is -2 + -153?
-155
In base 11, what is 147 + 5?
151
In base 11, what is -5 + a8?
a3
In base 11, what is -38 - 4?
-41
In base 13, what is 71 - -1?
72
In base 7, what is -416 - -4?
-412
In base 8, what is 16 - -40?
56
In base 9, what is 162 + 1?
163
In base 8, what is -367 + 0?
-367
In base 14, what is 9 + -d1?
-c6
In base 3, what is -2000010 - 11?
-2000021
In base 3, what is 10 + 22?
102
In base 15, what is -c0 + -31?
-101
In base 11, what is -1 + -1a?
-20
In base 10, what is -299 + -1?
-300
In base 2, what is -100011000011 + -1001?
-100011001100
In base 4, what is 0 - 202202?
-202202
In base 8, what is -561 - 1?
-562
In base 12, what is 198 - 4?
194
In base 5, what is 10 + 12223?
12233
In base 11, what is 2 + -169?
-167
In base 10, what is -1170 + -5?
-1175
In base 6, what is 5 + 20414?
20423
In base 2, what is -101010111011 - -10?
-101010111001
In base 9, what is 5 + 85?
101
In base 6, what is -1 + -11322?
-11323
In base 7, what is -2 - -324?
322
In base 12, what is -76 + -25?
-9b
In base 2, what is 1111000111 + -11?
1111000100
In base 11, what is 39 - 6?
33
In base 4, what is 2213 - -3?
2222
In base 9, what is 2267 - -2?
2270
In base 16, what is 5 + a19?
a1e
In base 13, what is -2 - -149?
147
In base 12, what is -7 + -2?
-9
In base 3, what is 1220 + -111?
1102
In base 10, what is 5 - 82?
-77
In base 10, what is 7 + -1447?
-1440
In base 5, what is 4 + 10?
14
In base 2, what is 110001 + -101?
101100
In base 16, what is 48 - -1?
49
In base 4, what is -10112 - 2?
-10120
In base 13, what is 351 + -16?
338
In base 6, what is -15351 + 3?
-15344
In base 7, what is -6 - 1100?
-1106
In base 12, what is -19 + -313?
-330
In base 2, what is -11 + 1100100?
1100001
In base 15, what is 5 - -4cc?
4d2
In base 12, what is 250 - 5?
247
In base 11, what is 3 + -272?
-26a
In base 6, what is -2 - 15?
-21
In base 2, what is 101001010 + 10?
101001100
In base 2, what is 11 + 0?
11
In base 6, what is -234 + -42?
-320
In base 10, what is 9 + 151?
160
In base 11, what is -247 + a?
-238
In base 5, what is 13 + 14414?
14432
In base 3, what is 11 + 20?
101
In base 11, what is -289 + 2?
-287
In base 9, what is -121 - -14?
-106
In base 3, what is 1 + 1211?
1212
In base 14, what is 3 - 2b?
-28
In base 2, what is 10101 - 100?
10001
In base 2, what is -100 - 1101101000?
-1101101100
In base 13, what is -5 + -214?
-219
In base 9, what is -13 + 33?
20
In base 15, what is -73 - -4?
-6e
In base 6, what is -313 - 13?
-330
In base 8, what is -356 + 4?
-352
In base 9, what is -17 + -3?
-21
In base 11, what is -24 - 36?
-5a
In base 7, what is 26 + -22?
4
In base 7, what is 10 + 1433?
1443
In base 9, what is 2533 - 5?
2527
In base 10, what is 16794 + -3?
16791
In base 6, what is -21 - 102?
-123
In base 6, what is 23 - -51?
114
In base 3, what is -220 + 0?
-220
In base 2, what is 100001100010 - -101?
100001100111
In base 15, what is 0 - 1c86?
-1c86
In base 6, what is -53 - -223?
130
In base 16, what is 10845 - -2?
10847
In base 9, what is 1 - 2?
-1
In base 7, what is -6635 + -2?
-6640
In base 9, what is 63 + 18?
82
In base 3, what is -22112222 + -1?
-22120000
In base 5, what is -20 - 1144?
-1214
In base 12, what is 0 - -28a?
28a
In base 3, what is -11212 + 10?
-11202
In base 8, what is -23 + -34?
-57
In base 7, what is 4 + 6300?
6304
In base 15, what is -1ec - 5?
-202
In base 13, what is -3 + 67?
64
In base 15, what is 9 - -139?
143
In base 13, what is -4 + -3b4?
-3b8
In base 7, what is 2 + -116?
-114
In base 9, what is -1 - 204?
-205
In base 3, what is 2102012 + -1?
2102011
In base 5, what is -2101 - 10?
-2111
In base 10, what is 41 + -2?
39
In base 15, what is 311 - a?
306
In base 4, what is -300330 - 3?
-300333
In base 11, what is 39 + -2a?
a
In base 14, what is 4 + 67?
6b
In base 16, what is 4 + -1c?
-18
In base 5, what is -1000 - -1?
-444
In base 15, what is 1 + -1b?
-1a
In base 5, what is 1 + 4312?
4313
In base 5, what is 2 - -340?
342
In base 4, what is 310 + 110?
1020
In base 7, what is -153 + -14?
-200
In base 2, what is -111 - -1?
-110
In base 8, what is 25 + 1?
26
In base 16, what is -fa - -2?
-f8
In base 10, what is 669 + -3?
666
In base 3, what is -101211 + 11?
-101200
In base 10, what is -221